{"version":"1.0","provider_name":"Humanium","provider_url":"https:\/\/www.humanium.org\/de","author_name":"Olivier","author_url":"https:\/\/www.humanium.org\/de\/author\/olivier\/","title":"Elfenbeink\u00fcste: Die Bildung von behinderten Kindern - Humanium","type":"rich","width":600,"height":338,"html":"<blockquote class=\"wp-embedded-content\" data-secret=\"upP1bqOkl1\"><a href=\"https:\/\/www.humanium.org\/de\/elfenbeinkuste-die-bildung-von-behinderten-kindern\/\">Elfenbeink\u00fcste: Die Bildung von behinderten Kindern<\/a><\/blockquote><iframe sandbox=\"allow-scripts\" security=\"restricted\" src=\"https:\/\/www.humanium.org\/de\/elfenbeinkuste-die-bildung-von-behinderten-kindern\/embed\/#?secret=upP1bqOkl1\" width=\"600\" height=\"338\" title=\"&#8222;Elfenbeink\u00fcste: Die Bildung von behinderten Kindern&#8220; &#8211; Humanium\" data-secret=\"upP1bqOkl1\" frameborder=\"0\" marginwidth=\"0\" marginheight=\"0\" scrolling=\"no\" class=\"wp-embedded-content\"><\/iframe><script type=\"text\/javascript\">\n\/* <![CDATA[ *\/\n\/*! This file is auto-generated *\/\n!function(d,l){\"use strict\";l.querySelector&&d.addEventListener&&\"undefined\"!=typeof URL&&(d.wp=d.wp||{},d.wp.receiveEmbedMessage||(d.wp.receiveEmbedMessage=function(e){var t=e.data;if((t||t.secret||t.message||t.value)&&!\/[^a-zA-Z0-9]\/.test(t.secret)){for(var s,r,n,a=l.querySelectorAll('iframe[data-secret=\"'+t.secret+'\"]'),o=l.querySelectorAll('blockquote[data-secret=\"'+t.secret+'\"]'),c=new RegExp(\"^https?:$\",\"i\"),i=0;i<o.length;i++)o[i].style.display=\"none\";for(i=0;i<a.length;i++)s=a[i],e.source===s.contentWindow&&(s.removeAttribute(\"style\"),\"height\"===t.message?(1e3<(r=parseInt(t.value,10))?r=1e3:~~r<200&&(r=200),s.height=r):\"link\"===t.message&&(r=new URL(s.getAttribute(\"src\")),n=new URL(t.value),c.test(n.protocol))&&n.host===r.host&&l.activeElement===s&&(d.top.location.href=t.value))}},d.addEventListener(\"message\",d.wp.receiveEmbedMessage,!1),l.addEventListener(\"DOMContentLoaded\",function(){for(var e,t,s=l.querySelectorAll(\"iframe.wp-embedded-content\"),r=0;r<s.length;r++)(t=(e=s[r]).getAttribute(\"data-secret\"))||(t=Math.random().toString(36).substring(2,12),e.src+=\"#?secret=\"+t,e.setAttribute(\"data-secret\",t)),e.contentWindow.postMessage({message:\"ready\",secret:t},\"*\")},!1)))}(window,document);\n\/\/# sourceURL=https:\/\/www.humanium.org\/de\/wp-includes\/js\/wp-embed.min.js\n\/* ]]> *\/\n<\/script>\n","thumbnail_url":"https:\/\/www.humanium.org\/de\/wp-content\/uploads\/2017\/10\/shutterstock_574500892-1024x1024.jpg","thumbnail_width":1024,"thumbnail_height":1024,"description":"In der Elfenbeink\u00fcste sind behinderte Kinder besonders verletzbar. Vom Staat vernachl\u00e4ssigt und von der Gemeinschaft ausgegrenzt, wird ihr Recht auf Bildung nicht beachtet. &nbsp; Definition von Behinderung Gem\u00e4\u00df der Weltgesundheitsorganisation bedeutet behindert, wenn die physische oder mentale Integrit\u00e4t vor\u00fcbergehend oder endg\u00fcltig eingeschr\u00e4nkt ist, sei es angeboren oder durch Krankheit oder Unfall verursacht, in einem Ausma\u00df, [&hellip;]"}

Elfenbeinküste: Die Bildung von behinderten Kindern - Humanium

<blockquote class="wp-embedded-content" data-secret="upP1bqOkl1"><a href="https://www.humanium.org/de/elfenbeinkuste-die-bildung-von-behinderten-kindern/">Elfenbeinküste: Die Bildung von behinderten Kindern</a></blockquote><iframe sandbox="allow-scripts" security="restricted" src="https://www.humanium.org/de/elfenbeinkuste-die-bildung-von-behinderten-kindern/embed/#?secret=upP1bqOkl1" width="600" height="338" title="&#8222;Elfenbeinküste: Die Bildung von behinderten Kindern&#8220; &#8211; Humanium" data-secret="upP1bqOkl1" frameborder="0" marginwidth="0" marginheight="0" scrolling="no" class="wp-embedded-content"></iframe><script type="text/javascript">
/* <![CDATA[ */
/*! This file is auto-generated */
!function(d,l){"use strict";l.querySelector&&d.addEventListener&&"undefined"!=typeof URL&&(d.wp=d.wp||{},d.wp.receiveEmbedMessage||(d.wp.receiveEmbedMessage=function(e){var t=e.data;if((t||t.secret||t.message||t.value)&&!/[^a-zA-Z0-9]/.test(t.secret)){for(var s,r,n,a=l.querySelectorAll('iframe[data-secret="'+t.secret+'"]'),o=l.querySelectorAll('blockquote[data-secret="'+t.secret+'"]'),c=new RegExp("^https?:$","i"),i=0;i<o.length;i++)o[i].style.display="none";for(i=0;i<a.length;i++)s=a[i],e.source===s.contentWindow&&(s.removeAttribute("style"),"height"===t.message?(1e3<(r=parseInt(t.value,10))?r=1e3:~~r<200&&(r=200),s.height=r):"link"===t.message&&(r=new URL(s.getAttribute("src")),n=new URL(t.value),c.test(n.protocol))&&n.host===r.host&&l.activeElement===s&&(d.top.location.href=t.value))}},d.addEventListener("message",d.wp.receiveEmbedMessage,!1),l.addEventListener("DOMContentLoaded",function(){for(var e,t,s=l.querySelectorAll("iframe.wp-embedded-content"),r=0;r<s.length;r++)(t=(e=s[r]).getAttribute("data-secret"))||(t=Math.random().toString(36).substring(2,12),e.src+="#?secret="+t,e.setAttribute("data-secret",t)),e.contentWindow.postMessage({message:"ready",secret:t},"*")},!1)))}(window,document);
//# sourceURL=https://www.humanium.org/de/wp-includes/js/wp-embed.min.js
/* ]]> */
</script>

In der Elfenbeinküste sind behinderte Kinder besonders verletzbar. Vom Staat vernachlässigt und von der Gemeinschaft ausgegrenzt, wird ihr Recht auf Bildung nicht beachtet. &nbsp; Definition von Behinderung Gemäß der Weltgesundheitsorganisation bedeutet behindert, wenn die physische oder mentale Integrität vorübergehend oder endgültig eingeschränkt ist, sei es angeboren oder durch Krankheit oder Unfall verursacht, in einem Ausmaß, [&hellip;]
