{"version":"1.0","provider_name":"Humanium","provider_url":"https:\/\/www.humanium.org\/de","author_name":"Olivier","author_url":"https:\/\/www.humanium.org\/de\/author\/olivier\/","title":"Internationaler Pakt \u00fcber b\u00fcrgerliche und politische Rechte - Humanium","type":"rich","width":600,"height":338,"html":"<blockquote class=\"wp-embedded-content\" data-secret=\"ZksoDGk5jM\"><a href=\"https:\/\/www.humanium.org\/de\/pakt-burgerliche-politische-rechte\/\">Internationaler Pakt \u00fcber b\u00fcrgerliche und politische Rechte<\/a><\/blockquote><iframe sandbox=\"allow-scripts\" security=\"restricted\" src=\"https:\/\/www.humanium.org\/de\/pakt-burgerliche-politische-rechte\/embed\/#?secret=ZksoDGk5jM\" width=\"600\" height=\"338\" title=\"&#8222;Internationaler Pakt \u00fcber b\u00fcrgerliche und politische Rechte&#8220; &#8211; Humanium\" data-secret=\"ZksoDGk5jM\" frameborder=\"0\" marginwidth=\"0\" marginheight=\"0\" scrolling=\"no\" class=\"wp-embedded-content\"><\/iframe><script type=\"text\/javascript\">\n\/* <![CDATA[ *\/\n\/*! This file is auto-generated *\/\n!function(d,l){\"use strict\";l.querySelector&&d.addEventListener&&\"undefined\"!=typeof URL&&(d.wp=d.wp||{},d.wp.receiveEmbedMessage||(d.wp.receiveEmbedMessage=function(e){var t=e.data;if((t||t.secret||t.message||t.value)&&!\/[^a-zA-Z0-9]\/.test(t.secret)){for(var s,r,n,a=l.querySelectorAll('iframe[data-secret=\"'+t.secret+'\"]'),o=l.querySelectorAll('blockquote[data-secret=\"'+t.secret+'\"]'),c=new RegExp(\"^https?:$\",\"i\"),i=0;i<o.length;i++)o[i].style.display=\"none\";for(i=0;i<a.length;i++)s=a[i],e.source===s.contentWindow&&(s.removeAttribute(\"style\"),\"height\"===t.message?(1e3<(r=parseInt(t.value,10))?r=1e3:~~r<200&&(r=200),s.height=r):\"link\"===t.message&&(r=new URL(s.getAttribute(\"src\")),n=new URL(t.value),c.test(n.protocol))&&n.host===r.host&&l.activeElement===s&&(d.top.location.href=t.value))}},d.addEventListener(\"message\",d.wp.receiveEmbedMessage,!1),l.addEventListener(\"DOMContentLoaded\",function(){for(var e,t,s=l.querySelectorAll(\"iframe.wp-embedded-content\"),r=0;r<s.length;r++)(t=(e=s[r]).getAttribute(\"data-secret\"))||(t=Math.random().toString(36).substring(2,12),e.src+=\"#?secret=\"+t,e.setAttribute(\"data-secret\",t)),e.contentWindow.postMessage({message:\"ready\",secret:t},\"*\")},!1)))}(window,document);\n\/\/# sourceURL=https:\/\/www.humanium.org\/de\/wp-includes\/js\/wp-embed.min.js\n\/* ]]> *\/\n<\/script>\n","description":"Internationaler Pakt \u00fcber b\u00fcrgerliche und politische Rechte 16. Dezember 1966 (vollst\u00e4ndigen) Pr\u00e4ambel Die Vertragsstaaten dieses Paktes, In der Erw\u00e4gung, dass nach den in der Charta der Vereinten Nationen verk\u00fcndeten Grunds\u00e4tzen die Anerkennung der allen Mitgliedern der menschlichen Gesellschaft innewohnenden W\u00fcrde und der Gleichheit und Unver\u00e4usserlichkeit ihrer Rechte die Grundlage von Freiheit, Gerechtigkeit und Frieden in [&hellip;]"}

Internationaler Pakt über bürgerliche und politische Rechte - Humanium

<blockquote class="wp-embedded-content" data-secret="ZksoDGk5jM"><a href="https://www.humanium.org/de/pakt-burgerliche-politische-rechte/">Internationaler Pakt über bürgerliche und politische Rechte</a></blockquote><iframe sandbox="allow-scripts" security="restricted" src="https://www.humanium.org/de/pakt-burgerliche-politische-rechte/embed/#?secret=ZksoDGk5jM" width="600" height="338" title="&#8222;Internationaler Pakt über bürgerliche und politische Rechte&#8220; &#8211; Humanium" data-secret="ZksoDGk5jM" frameborder="0" marginwidth="0" marginheight="0" scrolling="no" class="wp-embedded-content"></iframe><script type="text/javascript">
/* <![CDATA[ */
/*! This file is auto-generated */
!function(d,l){"use strict";l.querySelector&&d.addEventListener&&"undefined"!=typeof URL&&(d.wp=d.wp||{},d.wp.receiveEmbedMessage||(d.wp.receiveEmbedMessage=function(e){var t=e.data;if((t||t.secret||t.message||t.value)&&!/[^a-zA-Z0-9]/.test(t.secret)){for(var s,r,n,a=l.querySelectorAll('iframe[data-secret="'+t.secret+'"]'),o=l.querySelectorAll('blockquote[data-secret="'+t.secret+'"]'),c=new RegExp("^https?:$","i"),i=0;i<o.length;i++)o[i].style.display="none";for(i=0;i<a.length;i++)s=a[i],e.source===s.contentWindow&&(s.removeAttribute("style"),"height"===t.message?(1e3<(r=parseInt(t.value,10))?r=1e3:~~r<200&&(r=200),s.height=r):"link"===t.message&&(r=new URL(s.getAttribute("src")),n=new URL(t.value),c.test(n.protocol))&&n.host===r.host&&l.activeElement===s&&(d.top.location.href=t.value))}},d.addEventListener("message",d.wp.receiveEmbedMessage,!1),l.addEventListener("DOMContentLoaded",function(){for(var e,t,s=l.querySelectorAll("iframe.wp-embedded-content"),r=0;r<s.length;r++)(t=(e=s[r]).getAttribute("data-secret"))||(t=Math.random().toString(36).substring(2,12),e.src+="#?secret="+t,e.setAttribute("data-secret",t)),e.contentWindow.postMessage({message:"ready",secret:t},"*")},!1)))}(window,document);
//# sourceURL=https://www.humanium.org/de/wp-includes/js/wp-embed.min.js
/* ]]> */
</script>

Internationaler Pakt über bürgerliche und politische Rechte 16. Dezember 1966 (vollständigen) Präambel Die Vertragsstaaten dieses Paktes, In der Erwägung, dass nach den in der Charta der Vereinten Nationen verkündeten Grundsätzen die Anerkennung der allen Mitgliedern der menschlichen Gesellschaft innewohnenden Würde und der Gleichheit und Unveräusserlichkeit ihrer Rechte die Grundlage von Freiheit, Gerechtigkeit und Frieden in [&hellip;]
