{"id":2212,"date":"2013-08-25T12:52:46","date_gmt":"2013-08-25T12:52:46","guid":{"rendered":"http:\/\/www.humanium.org\/de\/?page_id=2212"},"modified":"2025-12-06T06:28:48","modified_gmt":"2025-12-06T06:28:48","slug":"rechte-kindes","status":"publish","type":"page","link":"https:\/\/www.humanium.org\/de\/rechte-kindes\/","title":{"rendered":"Rechte des Kindes"},"content":{"rendered":"\n<h2 class=\"wp-block-heading\"><strong><a href=\"https:\/\/www.humanium.org\/de\/geschichte-kinderrechte\/\">Geschichte der Rechte des Kindes<\/a><\/strong><\/h2>\n\n\n\n<div class=\"wp-block-image\"><figure class=\"alignright\"><img decoding=\"async\" src=\"https:\/\/www.humanium.org\/fr\/wp-content\/uploads\/2011\/11\/cambodgien-un-kibae-park.jpg\" alt=\"\" class=\"wp-image-16696\"\/><\/figure><\/div>\n\n\n\n<p><strong>\u201eDie Menschheit muss dem Kind das Beste geben\u201c.<\/strong> Mit diesen Worten wurde 1924 die Genfer Erkl\u00e4rung \u00fcber die Rechte des Kindes verabschiedet, gefolgt von der Erkl\u00e4rung der Rechte des Kindes 1959.<\/p>\n\n\n\n<h2 class=\"wp-block-heading\"><strong><a href=\"https:\/\/www.humanium.org\/de\/konvention\/\">Konvention \u00fcber die Rechte des Kindes<\/a><\/strong><\/h2>\n\n\n\n<div class=\"wp-block-image\"><figure class=\"alignright\"><img decoding=\"async\" src=\"https:\/\/www.humanium.org\/fr\/wp-content\/uploads\/2011\/11\/role-actif-enfant-convention.jpg\" alt=\"\" class=\"wp-image-16606\"\/><\/figure><\/div>\n\n\n\n<p>Am 20. November 1989 hat die Generalversammlung der Vereinten Nationen einstimmig die internationale Konvention \u00fcber die Rechte des Kindes verabschiedet. Die Anwendung dieses Textes stellt ein gemeinsames Ziel der gesamten Menschheit dar.<\/p>\n\n\n\n<h2 class=\"wp-block-heading\"><strong>Kinder auf der Welt<\/strong><\/h2>\n\n\n\n<p>Alle Kinder haben die gleichen Rechte. Dennoch werden diese Rechte in den meisten L\u00e4ndern verletzt und die Kinder profitieren nicht von den gleichen Rechten.<\/p>\n\n\n\n<ul class=\"wp-block-list\"><li><a href=\"https:\/\/www.humanium.org\/de\/afrika\/\">Afrika<\/a><\/li><li><a href=\"https:\/\/www.humanium.org\/de\/amerika\/\">Nord- und S\u00fcdamerika<\/a><\/li><li><a href=\"https:\/\/www.humanium.org\/de\/asien-pazifik\/\">Asien &amp; Pazifik<\/a><\/li><li><a href=\"https:\/\/www.humanium.org\/de\/europa-und-kaukasien\/\">Europa &amp; Kaukasus<\/a><\/li><li><a href=\"https:\/\/www.humanium.org\/de\/mittlerer-osten-und-nord-afrika\/\">Mittlerer Osten &amp; Nordafrika<\/a><\/li><\/ul>\n\n\n\n<h2 class=\"wp-block-heading\"><strong>Ich handle<\/strong><\/h2>\n\n\n\n<div class=\"wp-block-image\"><figure class=\"alignright\"><img decoding=\"async\" src=\"https:\/\/www.humanium.org\/fr\/wp-content\/uploads\/2011\/11\/team.jpg\" alt=\"\" class=\"wp-image-16697\"\/><\/figure><\/div>\n\n\n\n<p>Zusammen k\u00f6nnen wir ab sofort handeln, damit die Rechte der Kinder mehr respektiert werden:<\/p>\n\n\n\n<ul class=\"wp-block-list\"><li>Ich spreche in meiner Umgebung davon,<\/li><li>Ich werde Mitglied,<\/li><li><a href=\"https:\/\/www.humanium.org\/de\/pate-werden-2\/\">Ich werde Pate eines Kindes<\/a><\/li><li><a href=\"https:\/\/www.humanium.org\/de\/spenden\/\">Ich spende<\/a>.<\/li><\/ul>\n\n\n\n<p><\/p>\n","protected":false},"excerpt":{"rendered":"<p>Geschichte der Rechte des Kindes \u201eDie Menschheit muss dem Kind das Beste geben\u201c. Mit diesen Worten wurde 1924 die Genfer Erkl\u00e4rung \u00fcber die Rechte des Kindes verabschiedet, gefolgt von der Erkl\u00e4rung der Rechte des Kindes 1959. Konvention \u00fcber die Rechte des Kindes Am 20. November 1989 hat die Generalversammlung der Vereinten Nationen einstimmig die internationale [&hellip;]<\/p>\n","protected":false},"author":1,"featured_media":0,"parent":0,"menu_order":0,"comment_status":"closed","ping_status":"closed","template":"","meta":{"footnotes":""},"class_list":["post-2212","page","type-page","status-publish","hentry"],"yoast_head":"<!-- This site is optimized with the Yoast SEO plugin v26.5 - https:\/\/yoast.com\/wordpress\/plugins\/seo\/ -->\n<title>Rechte des Kindes - Humanium<\/title>\n<meta name=\"robots\" content=\"index, follow, max-snippet:-1, max-image-preview:large, max-video-preview:-1\" \/>\n<link rel=\"canonical\" href=\"https:\/\/www.humanium.org\/de\/rechte-kindes\/\" \/>\n<meta property=\"og:locale\" content=\"de_DE\" \/>\n<meta property=\"og:type\" content=\"article\" \/>\n<meta property=\"og:title\" content=\"Rechte des Kindes - Humanium\" \/>\n<meta property=\"og:description\" content=\"Geschichte der Rechte des Kindes \u201eDie Menschheit muss dem Kind das Beste geben\u201c. Mit diesen Worten wurde 1924 die Genfer Erkl\u00e4rung \u00fcber die Rechte des Kindes verabschiedet, gefolgt von der Erkl\u00e4rung der Rechte des Kindes 1959. Konvention \u00fcber die Rechte des Kindes Am 20. November 1989 hat die Generalversammlung der Vereinten Nationen einstimmig die internationale [&hellip;]\" \/>\n<meta property=\"og:url\" content=\"https:\/\/www.humanium.org\/de\/rechte-kindes\/\" \/>\n<meta property=\"og:site_name\" content=\"Humanium\" \/>\n<meta property=\"article:modified_time\" content=\"2025-12-06T06:28:48+00:00\" \/>\n<meta name=\"twitter:card\" content=\"summary_large_image\" \/>\n<meta name=\"twitter:label1\" content=\"Gesch\u00e4tzte Lesezeit\" \/>\n\t<meta name=\"twitter:data1\" content=\"1\u00a0Minute\" \/>\n<script type=\"application\/ld+json\" class=\"yoast-schema-graph\">{\"@context\":\"https:\/\/schema.org\",\"@graph\":[{\"@type\":\"WebPage\",\"@id\":\"https:\/\/www.humanium.org\/de\/rechte-kindes\/\",\"url\":\"https:\/\/www.humanium.org\/de\/rechte-kindes\/\",\"name\":\"Rechte des Kindes - Humanium\",\"isPartOf\":{\"@id\":\"https:\/\/www.humanium.org\/de\/#website\"},\"primaryImageOfPage\":{\"@id\":\"https:\/\/www.humanium.org\/de\/rechte-kindes\/#primaryimage\"},\"image\":{\"@id\":\"https:\/\/www.humanium.org\/de\/rechte-kindes\/#primaryimage\"},\"thumbnailUrl\":\"https:\/\/www.humanium.org\/fr\/wp-content\/uploads\/2011\/11\/cambodgien-un-kibae-park.jpg\",\"datePublished\":\"2013-08-25T12:52:46+00:00\",\"dateModified\":\"2025-12-06T06:28:48+00:00\",\"breadcrumb\":{\"@id\":\"https:\/\/www.humanium.org\/de\/rechte-kindes\/#breadcrumb\"},\"inLanguage\":\"de\",\"potentialAction\":[{\"@type\":\"ReadAction\",\"target\":[\"https:\/\/www.humanium.org\/de\/rechte-kindes\/\"]}]},{\"@type\":\"ImageObject\",\"inLanguage\":\"de\",\"@id\":\"https:\/\/www.humanium.org\/de\/rechte-kindes\/#primaryimage\",\"url\":\"https:\/\/www.humanium.org\/fr\/wp-content\/uploads\/2011\/11\/cambodgien-un-kibae-park.jpg\",\"contentUrl\":\"https:\/\/www.humanium.org\/fr\/wp-content\/uploads\/2011\/11\/cambodgien-un-kibae-park.jpg\"},{\"@type\":\"BreadcrumbList\",\"@id\":\"https:\/\/www.humanium.org\/de\/rechte-kindes\/#breadcrumb\",\"itemListElement\":[{\"@type\":\"ListItem\",\"position\":1,\"name\":\"Home\",\"item\":\"https:\/\/www.humanium.org\/de\/\"},{\"@type\":\"ListItem\",\"position\":2,\"name\":\"Rechte des Kindes\"}]},{\"@type\":\"WebSite\",\"@id\":\"https:\/\/www.humanium.org\/de\/#website\",\"url\":\"https:\/\/www.humanium.org\/de\/\",\"name\":\"Humanium\",\"description\":\"Kinder zuerst!\",\"potentialAction\":[{\"@type\":\"SearchAction\",\"target\":{\"@type\":\"EntryPoint\",\"urlTemplate\":\"https:\/\/www.humanium.org\/de\/?s={search_term_string}\"},\"query-input\":{\"@type\":\"PropertyValueSpecification\",\"valueRequired\":true,\"valueName\":\"search_term_string\"}}],\"inLanguage\":\"de\"}]}<\/script>\n<!-- \/ Yoast SEO plugin. -->","yoast_head_json":{"title":"Rechte des Kindes - Humanium","robots":{"index":"index","follow":"follow","max-snippet":"max-snippet:-1","max-image-preview":"max-image-preview:large","max-video-preview":"max-video-preview:-1"},"canonical":"https:\/\/www.humanium.org\/de\/rechte-kindes\/","og_locale":"de_DE","og_type":"article","og_title":"Rechte des Kindes - Humanium","og_description":"Geschichte der Rechte des Kindes \u201eDie Menschheit muss dem Kind das Beste geben\u201c. Mit diesen Worten wurde 1924 die Genfer Erkl\u00e4rung \u00fcber die Rechte des Kindes verabschiedet, gefolgt von der Erkl\u00e4rung der Rechte des Kindes 1959. Konvention \u00fcber die Rechte des Kindes Am 20. November 1989 hat die Generalversammlung der Vereinten Nationen einstimmig die internationale [&hellip;]","og_url":"https:\/\/www.humanium.org\/de\/rechte-kindes\/","og_site_name":"Humanium","article_modified_time":"2025-12-06T06:28:48+00:00","twitter_card":"summary_large_image","twitter_misc":{"Gesch\u00e4tzte Lesezeit":"1\u00a0Minute"},"schema":{"@context":"https:\/\/schema.org","@graph":[{"@type":"WebPage","@id":"https:\/\/www.humanium.org\/de\/rechte-kindes\/","url":"https:\/\/www.humanium.org\/de\/rechte-kindes\/","name":"Rechte des Kindes - Humanium","isPartOf":{"@id":"https:\/\/www.humanium.org\/de\/#website"},"primaryImageOfPage":{"@id":"https:\/\/www.humanium.org\/de\/rechte-kindes\/#primaryimage"},"image":{"@id":"https:\/\/www.humanium.org\/de\/rechte-kindes\/#primaryimage"},"thumbnailUrl":"https:\/\/www.humanium.org\/fr\/wp-content\/uploads\/2011\/11\/cambodgien-un-kibae-park.jpg","datePublished":"2013-08-25T12:52:46+00:00","dateModified":"2025-12-06T06:28:48+00:00","breadcrumb":{"@id":"https:\/\/www.humanium.org\/de\/rechte-kindes\/#breadcrumb"},"inLanguage":"de","potentialAction":[{"@type":"ReadAction","target":["https:\/\/www.humanium.org\/de\/rechte-kindes\/"]}]},{"@type":"ImageObject","inLanguage":"de","@id":"https:\/\/www.humanium.org\/de\/rechte-kindes\/#primaryimage","url":"https:\/\/www.humanium.org\/fr\/wp-content\/uploads\/2011\/11\/cambodgien-un-kibae-park.jpg","contentUrl":"https:\/\/www.humanium.org\/fr\/wp-content\/uploads\/2011\/11\/cambodgien-un-kibae-park.jpg"},{"@type":"BreadcrumbList","@id":"https:\/\/www.humanium.org\/de\/rechte-kindes\/#breadcrumb","itemListElement":[{"@type":"ListItem","position":1,"name":"Home","item":"https:\/\/www.humanium.org\/de\/"},{"@type":"ListItem","position":2,"name":"Rechte des Kindes"}]},{"@type":"WebSite","@id":"https:\/\/www.humanium.org\/de\/#website","url":"https:\/\/www.humanium.org\/de\/","name":"Humanium","description":"Kinder zuerst!","potentialAction":[{"@type":"SearchAction","target":{"@type":"EntryPoint","urlTemplate":"https:\/\/www.humanium.org\/de\/?s={search_term_string}"},"query-input":{"@type":"PropertyValueSpecification","valueRequired":true,"valueName":"search_term_string"}}],"inLanguage":"de"}]}},"_links":{"self":[{"href":"https:\/\/www.humanium.org\/de\/wp-json\/wp\/v2\/pages\/2212","targetHints":{"allow":["GET"]}}],"collection":[{"href":"https:\/\/www.humanium.org\/de\/wp-json\/wp\/v2\/pages"}],"about":[{"href":"https:\/\/www.humanium.org\/de\/wp-json\/wp\/v2\/types\/page"}],"author":[{"embeddable":true,"href":"https:\/\/www.humanium.org\/de\/wp-json\/wp\/v2\/users\/1"}],"replies":[{"embeddable":true,"href":"https:\/\/www.humanium.org\/de\/wp-json\/wp\/v2\/comments?post=2212"}],"version-history":[{"count":9,"href":"https:\/\/www.humanium.org\/de\/wp-json\/wp\/v2\/pages\/2212\/revisions"}],"predecessor-version":[{"id":21030,"href":"https:\/\/www.humanium.org\/de\/wp-json\/wp\/v2\/pages\/2212\/revisions\/21030"}],"wp:attachment":[{"href":"https:\/\/www.humanium.org\/de\/wp-json\/wp\/v2\/media?parent=2212"}],"curies":[{"name":"wp","href":"https:\/\/api.w.org\/{rel}","templated":true}]}}

<h2 class="wp-block-heading"><strong><a href="https://www.humanium.org/de/geschichte-kinderrechte/">Geschichte der Rechte des Kindes</a></strong></h2>



<div class="wp-block-image"><figure class="alignright"><img decoding="async" src="https://www.humanium.org/fr/wp-content/uploads/2011/11/cambodgien-un-kibae-park.jpg" alt="" class="wp-image-16696"/></figure></div>



<p><strong>„Die Menschheit muss dem Kind das Beste geben“.</strong> Mit diesen Worten wurde 1924 die Genfer Erklärung über die Rechte des Kindes verabschiedet, gefolgt von der Erklärung der Rechte des Kindes 1959.</p>



<h2 class="wp-block-heading"><strong><a href="https://www.humanium.org/de/konvention/">Konvention über die Rechte des Kindes</a></strong></h2>



<div class="wp-block-image"><figure class="alignright"><img decoding="async" src="https://www.humanium.org/fr/wp-content/uploads/2011/11/role-actif-enfant-convention.jpg" alt="" class="wp-image-16606"/></figure></div>



<p>Am 20. November 1989 hat die Generalversammlung der Vereinten Nationen einstimmig die internationale Konvention über die Rechte des Kindes verabschiedet. Die Anwendung dieses Textes stellt ein gemeinsames Ziel der gesamten Menschheit dar.</p>



<h2 class="wp-block-heading"><strong>Kinder auf der Welt</strong></h2>



<p>Alle Kinder haben die gleichen Rechte. Dennoch werden diese Rechte in den meisten Ländern verletzt und die Kinder profitieren nicht von den gleichen Rechten.</p>



<ul class="wp-block-list"><li><a href="https://www.humanium.org/de/afrika/">Afrika</a></li><li><a href="https://www.humanium.org/de/amerika/">Nord- und Südamerika</a></li><li><a href="https://www.humanium.org/de/asien-pazifik/">Asien &amp; Pazifik</a></li><li><a href="https://www.humanium.org/de/europa-und-kaukasien/">Europa &amp; Kaukasus</a></li><li><a href="https://www.humanium.org/de/mittlerer-osten-und-nord-afrika/">Mittlerer Osten &amp; Nordafrika</a></li></ul>



<h2 class="wp-block-heading"><strong>Ich handle</strong></h2>



<div class="wp-block-image"><figure class="alignright"><img decoding="async" src="https://www.humanium.org/fr/wp-content/uploads/2011/11/team.jpg" alt="" class="wp-image-16697"/></figure></div>



<p>Zusammen können wir ab sofort handeln, damit die Rechte der Kinder mehr respektiert werden:</p>



<ul class="wp-block-list"><li>Ich spreche in meiner Umgebung davon,</li><li>Ich werde Mitglied,</li><li><a href="https://www.humanium.org/de/pate-werden-2/">Ich werde Pate eines Kindes</a></li><li><a href="https://www.humanium.org/de/spenden/">Ich spende</a>.</li></ul>



<p></p>

<p>Geschichte der Rechte des Kindes „Die Menschheit muss dem Kind das Beste geben“. Mit diesen Worten wurde 1924 die Genfer Erklärung über die Rechte des Kindes verabschiedet, gefolgt von der Erklärung der Rechte des Kindes 1959. Konvention über die Rechte des Kindes Am 20. November 1989 hat die Generalversammlung der Vereinten Nationen einstimmig die internationale [&hellip;]</p>

<!-- This site is optimized with the Yoast SEO plugin v26.5 - https://yoast.com/wordpress/plugins/seo/ -->
<title>Rechte des Kindes - Humanium</title>
<meta name="robots" content="index, follow, max-snippet:-1, max-image-preview:large, max-video-preview:-1" />
<link rel="canonical" href="https://www.humanium.org/de/rechte-kindes/" />
<meta property="og:locale" content="de_DE" />
<meta property="og:type" content="article" />
<meta property="og:title" content="Rechte des Kindes - Humanium" />
<meta property="og:description" content="Geschichte der Rechte des Kindes „Die Menschheit muss dem Kind das Beste geben“. Mit diesen Worten wurde 1924 die Genfer Erklärung über die Rechte des Kindes verabschiedet, gefolgt von der Erklärung der Rechte des Kindes 1959. Konvention über die Rechte des Kindes Am 20. November 1989 hat die Generalversammlung der Vereinten Nationen einstimmig die internationale [&hellip;]" />
<meta property="og:url" content="https://www.humanium.org/de/rechte-kindes/" />
<meta property="og:site_name" content="Humanium" />
<meta property="article:modified_time" content="2025-12-06T06:28:48+00:00" />
<meta name="twitter:card" content="summary_large_image" />
<meta name="twitter:label1" content="Geschätzte Lesezeit" />
	<meta name="twitter:data1" content="1 Minute" />
<script type="application/ld+json" class="yoast-schema-graph">{"@context":"https://schema.org","@graph":[{"@type":"WebPage","@id":"https://www.humanium.org/de/rechte-kindes/","url":"https://www.humanium.org/de/rechte-kindes/","name":"Rechte des Kindes - Humanium","isPartOf":{"@id":"https://www.humanium.org/de/#website"},"primaryImageOfPage":{"@id":"https://www.humanium.org/de/rechte-kindes/#primaryimage"},"image":{"@id":"https://www.humanium.org/de/rechte-kindes/#primaryimage"},"thumbnailUrl":"https://www.humanium.org/fr/wp-content/uploads/2011/11/cambodgien-un-kibae-park.jpg","datePublished":"2013-08-25T12:52:46+00:00","dateModified":"2025-12-06T06:28:48+00:00","breadcrumb":{"@id":"https://www.humanium.org/de/rechte-kindes/#breadcrumb"},"inLanguage":"de","potentialAction":[{"@type":"ReadAction","target":["https://www.humanium.org/de/rechte-kindes/"]}]},{"@type":"ImageObject","inLanguage":"de","@id":"https://www.humanium.org/de/rechte-kindes/#primaryimage","url":"https://www.humanium.org/fr/wp-content/uploads/2011/11/cambodgien-un-kibae-park.jpg","contentUrl":"https://www.humanium.org/fr/wp-content/uploads/2011/11/cambodgien-un-kibae-park.jpg"},{"@type":"BreadcrumbList","@id":"https://www.humanium.org/de/rechte-kindes/#breadcrumb","itemListElement":[{"@type":"ListItem","position":1,"name":"Home","item":"https://www.humanium.org/de/"},{"@type":"ListItem","position":2,"name":"Rechte des Kindes"}]},{"@type":"WebSite","@id":"https://www.humanium.org/de/#website","url":"https://www.humanium.org/de/","name":"Humanium","description":"Kinder zuerst!","potentialAction":[{"@type":"SearchAction","target":{"@type":"EntryPoint","urlTemplate":"https://www.humanium.org/de/?s={search_term_string}"},"query-input":{"@type":"PropertyValueSpecification","valueRequired":true,"valueName":"search_term_string"}}],"inLanguage":"de"}]}</script>
<!-- / Yoast SEO plugin. -->

Geschichte der Rechte des Kindes „Die Menschheit muss dem Kind das Beste geben“. Mit diesen Worten wurde 1924 die Genfer Erklärung über die Rechte des Kindes verabschiedet, gefolgt von der Erklärung der Rechte des Kindes 1959. Konvention über die Rechte des Kindes Am 20. November 1989 hat die Generalversammlung der Vereinten Nationen einstimmig die internationale [&hellip;]
