{"id":4421,"date":"2013-10-03T09:44:00","date_gmt":"2013-10-03T09:44:00","guid":{"rendered":"http:\/\/www.humanium.org\/es\/?page_id=4421"},"modified":"2017-06-14T09:16:30","modified_gmt":"2017-06-14T09:16:30","slug":"declaration-de-geneve-du-26-septembre-1924","status":"publish","type":"page","link":"https:\/\/www.humanium.org\/es\/declaration-de-geneve-du-26-septembre-1924\/","title":{"rendered":"D\u00e9claration de Gen\u00e8ve du 26 Septembre 1924"},"content":{"rendered":"<h2 style=\"text-align: left;\"><span style=\"color: #800000;\"><a href=\"https:\/\/www.humanium.org\/fr\/wp-content\/uploads\/declaration-geneve.odt\" target=\"_blank\"><img loading=\"lazy\" decoding=\"async\" class=\"alignright size-full wp-image-972\" title=\"ODT\" alt=\"\" src=\"https:\/\/www.humanium.org\/fr\/wp-content\/uploads\/logo-odt.gif\" width=\"28\" height=\"24\" \/><\/a><a href=\"https:\/\/www.humanium.org\/fr\/wp-content\/uploads\/declaration-geneve.docx\" target=\"_blank\"><img loading=\"lazy\" decoding=\"async\" class=\"alignright size-full wp-image-974\" title=\"WORD\" alt=\"\" src=\"https:\/\/www.humanium.org\/fr\/wp-content\/uploads\/logo-word.gif\" width=\"24\" height=\"24\" \/><\/a><a href=\"https:\/\/www.humanium.org\/fr\/wp-content\/uploads\/declaration-geneve.pdf\" target=\"_blank\"><img loading=\"lazy\" decoding=\"async\" class=\"alignright size-full wp-image-973\" title=\"PDF\" alt=\"\" src=\"https:\/\/www.humanium.org\/fr\/wp-content\/uploads\/logo-pdf.gif\" width=\"24\" height=\"24\" \/><\/a>D\u00e9claration de Gen\u00e8ve <\/span><\/h2>\n<h3 style=\"text-align: left;\"><span style=\"color: #800000;\">26 Septembre 1924 (texte int\u00e9gral)<br \/>\n<\/span><\/h3>\n<h2 style=\"text-align: left;\"><span style=\"color: #000080;\">Pr\u00e9ambule<\/span><\/h2>\n<p style=\"text-align: left;\">Par la pr\u00e9sente D\u00e9claration des droits de l&#8217;enfant, dite d\u00e9claration de Gen\u00e8ve, les hommes et les femmes de toutes les nations reconnaissent que l&#8217;humanit\u00e9 doit donner \u00e0 l&#8217;enfant ce qu&#8217;elle a de meilleur, affirmant leurs devoirs, en dehors de toute consid\u00e9ration de race, de nationalit\u00e9, de croyance.<\/p>\n<h3 style=\"text-align: left;\"><strong><span style=\"color: #000080;\">Article 1<\/span><\/strong><\/h3>\n<p style=\"text-align: left;\">L&#8217;enfant doit \u00eatre mis en mesure de se d\u00e9velopper d&#8217;une fa\u00e7on normale, mat\u00e9riellement et spirituellement.<\/p>\n<h3 style=\"text-align: left;\"><strong><span style=\"color: #000080;\">Article 2<\/span><\/strong><\/h3>\n<p style=\"text-align: left;\">L&#8217;enfant qui a faim doit \u00eatre nourri ; l&#8217;enfant malade doit \u00eatre soign\u00e9 ; l&#8217;enfant arri\u00e9r\u00e9 doit \u00eatre encourag\u00e9 ; l&#8217;enfant d\u00e9voy\u00e9 doit \u00eatre ramen\u00e9 ; l&#8217;enfant orphelin et l&#8217;abandonn\u00e9 doivent \u00eatre recueillis et secourus.<\/p>\n<h3 style=\"text-align: left;\"><strong><span style=\"color: #000080;\">Article 3<\/span><\/strong><\/h3>\n<p style=\"text-align: left;\">L\u2019enfant doit \u00eatre le premier \u00e0 recevoir des secours en cas de d\u00e9tresse.<\/p>\n<h3 style=\"text-align: left;\"><strong><span style=\"color: #000080;\">Article 4<\/span><\/strong><\/h3>\n<p style=\"text-align: left;\">L&#8217;enfant doit \u00eatre mis en mesure de gagner sa vie et doit \u00eatre prot\u00e9g\u00e9 contre toute exploitation.<\/p>\n<h3 style=\"text-align: left;\"><strong><span style=\"color: #000080;\">Article 5<\/span><\/strong><\/h3>\n<p style=\"text-align: left;\">L&#8217;enfant doit \u00eatre \u00e9lev\u00e9 dans le sentiment que ses meilleures qualit\u00e9s devront \u00eatre mises au service de ses fr\u00e8res.<\/p>\n<p><\/p>\n","protected":false},"excerpt":{"rendered":"<p>D\u00e9claration de Gen\u00e8ve 26 Septembre 1924 (texte int\u00e9gral) Pr\u00e9ambule Par la pr\u00e9sente D\u00e9claration des droits de l&#8217;enfant, dite d\u00e9claration de Gen\u00e8ve, les hommes et les femmes de toutes les nations reconnaissent que l&#8217;humanit\u00e9 doit donner \u00e0 l&#8217;enfant ce qu&#8217;elle a de meilleur, affirmant leurs devoirs, en dehors de toute consid\u00e9ration de race, de nationalit\u00e9, de [&hellip;]<\/p>\n","protected":false},"author":1,"featured_media":0,"parent":0,"menu_order":0,"comment_status":"closed","ping_status":"open","template":"","meta":{"footnotes":""},"class_list":["post-4421","page","type-page","status-publish","hentry"],"yoast_head":"<!-- This site is optimized with the Yoast SEO plugin v26.5 - https:\/\/yoast.com\/wordpress\/plugins\/seo\/ -->\n<title>D\u00e9claration de Gen\u00e8ve du 26 Septembre 1924 - Humanium<\/title>\n<meta name=\"robots\" content=\"index, follow, max-snippet:-1, max-image-preview:large, max-video-preview:-1\" \/>\n<link rel=\"canonical\" href=\"https:\/\/www.humanium.org\/es\/declaration-de-geneve-du-26-septembre-1924\/\" \/>\n<meta property=\"og:locale\" content=\"es_ES\" \/>\n<meta property=\"og:type\" content=\"article\" \/>\n<meta property=\"og:title\" content=\"D\u00e9claration de Gen\u00e8ve du 26 Septembre 1924 - Humanium\" \/>\n<meta property=\"og:description\" content=\"D\u00e9claration de Gen\u00e8ve 26 Septembre 1924 (texte int\u00e9gral) Pr\u00e9ambule Par la pr\u00e9sente D\u00e9claration des droits de l&#8217;enfant, dite d\u00e9claration de Gen\u00e8ve, les hommes et les femmes de toutes les nations reconnaissent que l&#8217;humanit\u00e9 doit donner \u00e0 l&#8217;enfant ce qu&#8217;elle a de meilleur, affirmant leurs devoirs, en dehors de toute consid\u00e9ration de race, de nationalit\u00e9, de [&hellip;]\" \/>\n<meta property=\"og:url\" content=\"https:\/\/www.humanium.org\/es\/declaration-de-geneve-du-26-septembre-1924\/\" \/>\n<meta property=\"og:site_name\" content=\"Humanium\" \/>\n<meta property=\"article:modified_time\" content=\"2017-06-14T09:16:30+00:00\" \/>\n<meta property=\"og:image\" content=\"https:\/\/www.humanium.org\/fr\/wp-content\/uploads\/logo-odt.gif\" \/>\n<meta name=\"twitter:card\" content=\"summary_large_image\" \/>\n<meta name=\"twitter:label1\" content=\"Tiempo de lectura\" \/>\n\t<meta name=\"twitter:data1\" content=\"1 minuto\" \/>\n<script type=\"application\/ld+json\" class=\"yoast-schema-graph\">{\"@context\":\"https:\/\/schema.org\",\"@graph\":[{\"@type\":\"WebPage\",\"@id\":\"https:\/\/www.humanium.org\/es\/declaration-de-geneve-du-26-septembre-1924\/\",\"url\":\"https:\/\/www.humanium.org\/es\/declaration-de-geneve-du-26-septembre-1924\/\",\"name\":\"D\u00e9claration de Gen\u00e8ve du 26 Septembre 1924 - Humanium\",\"isPartOf\":{\"@id\":\"https:\/\/www.humanium.org\/es\/#website\"},\"primaryImageOfPage\":{\"@id\":\"https:\/\/www.humanium.org\/es\/declaration-de-geneve-du-26-septembre-1924\/#primaryimage\"},\"image\":{\"@id\":\"https:\/\/www.humanium.org\/es\/declaration-de-geneve-du-26-septembre-1924\/#primaryimage\"},\"thumbnailUrl\":\"https:\/\/www.humanium.org\/fr\/wp-content\/uploads\/logo-odt.gif\",\"datePublished\":\"2013-10-03T09:44:00+00:00\",\"dateModified\":\"2017-06-14T09:16:30+00:00\",\"breadcrumb\":{\"@id\":\"https:\/\/www.humanium.org\/es\/declaration-de-geneve-du-26-septembre-1924\/#breadcrumb\"},\"inLanguage\":\"es\",\"potentialAction\":[{\"@type\":\"ReadAction\",\"target\":[\"https:\/\/www.humanium.org\/es\/declaration-de-geneve-du-26-septembre-1924\/\"]}]},{\"@type\":\"ImageObject\",\"inLanguage\":\"es\",\"@id\":\"https:\/\/www.humanium.org\/es\/declaration-de-geneve-du-26-septembre-1924\/#primaryimage\",\"url\":\"https:\/\/www.humanium.org\/fr\/wp-content\/uploads\/logo-odt.gif\",\"contentUrl\":\"https:\/\/www.humanium.org\/fr\/wp-content\/uploads\/logo-odt.gif\"},{\"@type\":\"BreadcrumbList\",\"@id\":\"https:\/\/www.humanium.org\/es\/declaration-de-geneve-du-26-septembre-1924\/#breadcrumb\",\"itemListElement\":[{\"@type\":\"ListItem\",\"position\":1,\"name\":\"Home\",\"item\":\"https:\/\/www.humanium.org\/es\/\"},{\"@type\":\"ListItem\",\"position\":2,\"name\":\"D\u00e9claration de Gen\u00e8ve du 26 Septembre 1924\"}]},{\"@type\":\"WebSite\",\"@id\":\"https:\/\/www.humanium.org\/es\/#website\",\"url\":\"https:\/\/www.humanium.org\/es\/\",\"name\":\"Humanium\",\"description\":\"\u00a1Los ni\u00f1os primero!\",\"potentialAction\":[{\"@type\":\"SearchAction\",\"target\":{\"@type\":\"EntryPoint\",\"urlTemplate\":\"https:\/\/www.humanium.org\/es\/?s={search_term_string}\"},\"query-input\":{\"@type\":\"PropertyValueSpecification\",\"valueRequired\":true,\"valueName\":\"search_term_string\"}}],\"inLanguage\":\"es\"}]}<\/script>\n<!-- \/ Yoast SEO plugin. -->","yoast_head_json":{"title":"D\u00e9claration de Gen\u00e8ve du 26 Septembre 1924 - Humanium","robots":{"index":"index","follow":"follow","max-snippet":"max-snippet:-1","max-image-preview":"max-image-preview:large","max-video-preview":"max-video-preview:-1"},"canonical":"https:\/\/www.humanium.org\/es\/declaration-de-geneve-du-26-septembre-1924\/","og_locale":"es_ES","og_type":"article","og_title":"D\u00e9claration de Gen\u00e8ve du 26 Septembre 1924 - Humanium","og_description":"D\u00e9claration de Gen\u00e8ve 26 Septembre 1924 (texte int\u00e9gral) Pr\u00e9ambule Par la pr\u00e9sente D\u00e9claration des droits de l&#8217;enfant, dite d\u00e9claration de Gen\u00e8ve, les hommes et les femmes de toutes les nations reconnaissent que l&#8217;humanit\u00e9 doit donner \u00e0 l&#8217;enfant ce qu&#8217;elle a de meilleur, affirmant leurs devoirs, en dehors de toute consid\u00e9ration de race, de nationalit\u00e9, de [&hellip;]","og_url":"https:\/\/www.humanium.org\/es\/declaration-de-geneve-du-26-septembre-1924\/","og_site_name":"Humanium","article_modified_time":"2017-06-14T09:16:30+00:00","og_image":[{"url":"https:\/\/www.humanium.org\/fr\/wp-content\/uploads\/logo-odt.gif","type":"","width":"","height":""}],"twitter_card":"summary_large_image","twitter_misc":{"Tiempo de lectura":"1 minuto"},"schema":{"@context":"https:\/\/schema.org","@graph":[{"@type":"WebPage","@id":"https:\/\/www.humanium.org\/es\/declaration-de-geneve-du-26-septembre-1924\/","url":"https:\/\/www.humanium.org\/es\/declaration-de-geneve-du-26-septembre-1924\/","name":"D\u00e9claration de Gen\u00e8ve du 26 Septembre 1924 - Humanium","isPartOf":{"@id":"https:\/\/www.humanium.org\/es\/#website"},"primaryImageOfPage":{"@id":"https:\/\/www.humanium.org\/es\/declaration-de-geneve-du-26-septembre-1924\/#primaryimage"},"image":{"@id":"https:\/\/www.humanium.org\/es\/declaration-de-geneve-du-26-septembre-1924\/#primaryimage"},"thumbnailUrl":"https:\/\/www.humanium.org\/fr\/wp-content\/uploads\/logo-odt.gif","datePublished":"2013-10-03T09:44:00+00:00","dateModified":"2017-06-14T09:16:30+00:00","breadcrumb":{"@id":"https:\/\/www.humanium.org\/es\/declaration-de-geneve-du-26-septembre-1924\/#breadcrumb"},"inLanguage":"es","potentialAction":[{"@type":"ReadAction","target":["https:\/\/www.humanium.org\/es\/declaration-de-geneve-du-26-septembre-1924\/"]}]},{"@type":"ImageObject","inLanguage":"es","@id":"https:\/\/www.humanium.org\/es\/declaration-de-geneve-du-26-septembre-1924\/#primaryimage","url":"https:\/\/www.humanium.org\/fr\/wp-content\/uploads\/logo-odt.gif","contentUrl":"https:\/\/www.humanium.org\/fr\/wp-content\/uploads\/logo-odt.gif"},{"@type":"BreadcrumbList","@id":"https:\/\/www.humanium.org\/es\/declaration-de-geneve-du-26-septembre-1924\/#breadcrumb","itemListElement":[{"@type":"ListItem","position":1,"name":"Home","item":"https:\/\/www.humanium.org\/es\/"},{"@type":"ListItem","position":2,"name":"D\u00e9claration de Gen\u00e8ve du 26 Septembre 1924"}]},{"@type":"WebSite","@id":"https:\/\/www.humanium.org\/es\/#website","url":"https:\/\/www.humanium.org\/es\/","name":"Humanium","description":"\u00a1Los ni\u00f1os primero!","potentialAction":[{"@type":"SearchAction","target":{"@type":"EntryPoint","urlTemplate":"https:\/\/www.humanium.org\/es\/?s={search_term_string}"},"query-input":{"@type":"PropertyValueSpecification","valueRequired":true,"valueName":"search_term_string"}}],"inLanguage":"es"}]}},"_links":{"self":[{"href":"https:\/\/www.humanium.org\/es\/wp-json\/wp\/v2\/pages\/4421","targetHints":{"allow":["GET"]}}],"collection":[{"href":"https:\/\/www.humanium.org\/es\/wp-json\/wp\/v2\/pages"}],"about":[{"href":"https:\/\/www.humanium.org\/es\/wp-json\/wp\/v2\/types\/page"}],"author":[{"embeddable":true,"href":"https:\/\/www.humanium.org\/es\/wp-json\/wp\/v2\/users\/1"}],"replies":[{"embeddable":true,"href":"https:\/\/www.humanium.org\/es\/wp-json\/wp\/v2\/comments?post=4421"}],"version-history":[{"count":1,"href":"https:\/\/www.humanium.org\/es\/wp-json\/wp\/v2\/pages\/4421\/revisions"}],"predecessor-version":[{"id":9959,"href":"https:\/\/www.humanium.org\/es\/wp-json\/wp\/v2\/pages\/4421\/revisions\/9959"}],"wp:attachment":[{"href":"https:\/\/www.humanium.org\/es\/wp-json\/wp\/v2\/media?parent=4421"}],"curies":[{"name":"wp","href":"https:\/\/api.w.org\/{rel}","templated":true}]}}

Déclaration de Genève du 26 Septembre 1924

<h2 style="text-align: left;"><span style="color: #800000;"><a href="https://www.humanium.org/fr/wp-content/uploads/declaration-geneve.odt" target="_blank"><img loading="lazy" decoding="async" class="alignright size-full wp-image-972" title="ODT" alt="" src="https://www.humanium.org/fr/wp-content/uploads/logo-odt.gif" width="28" height="24" /></a><a href="https://www.humanium.org/fr/wp-content/uploads/declaration-geneve.docx" target="_blank"><img loading="lazy" decoding="async" class="alignright size-full wp-image-974" title="WORD" alt="" src="https://www.humanium.org/fr/wp-content/uploads/logo-word.gif" width="24" height="24" /></a><a href="https://www.humanium.org/fr/wp-content/uploads/declaration-geneve.pdf" target="_blank"><img loading="lazy" decoding="async" class="alignright size-full wp-image-973" title="PDF" alt="" src="https://www.humanium.org/fr/wp-content/uploads/logo-pdf.gif" width="24" height="24" /></a>Déclaration de Genève </span></h2>
<h3 style="text-align: left;"><span style="color: #800000;">26 Septembre 1924 (texte intégral)<br />
</span></h3>
<h2 style="text-align: left;"><span style="color: #000080;">Préambule</span></h2>
<p style="text-align: left;">Par la présente Déclaration des droits de l&#8217;enfant, dite déclaration de Genève, les hommes et les femmes de toutes les nations reconnaissent que l&#8217;humanité doit donner à l&#8217;enfant ce qu&#8217;elle a de meilleur, affirmant leurs devoirs, en dehors de toute considération de race, de nationalité, de croyance.</p>
<h3 style="text-align: left;"><strong><span style="color: #000080;">Article 1</span></strong></h3>
<p style="text-align: left;">L&#8217;enfant doit être mis en mesure de se développer d&#8217;une façon normale, matériellement et spirituellement.</p>
<h3 style="text-align: left;"><strong><span style="color: #000080;">Article 2</span></strong></h3>
<p style="text-align: left;">L&#8217;enfant qui a faim doit être nourri ; l&#8217;enfant malade doit être soigné ; l&#8217;enfant arriéré doit être encouragé ; l&#8217;enfant dévoyé doit être ramené ; l&#8217;enfant orphelin et l&#8217;abandonné doivent être recueillis et secourus.</p>
<h3 style="text-align: left;"><strong><span style="color: #000080;">Article 3</span></strong></h3>
<p style="text-align: left;">L’enfant doit être le premier à recevoir des secours en cas de détresse.</p>
<h3 style="text-align: left;"><strong><span style="color: #000080;">Article 4</span></strong></h3>
<p style="text-align: left;">L&#8217;enfant doit être mis en mesure de gagner sa vie et doit être protégé contre toute exploitation.</p>
<h3 style="text-align: left;"><strong><span style="color: #000080;">Article 5</span></strong></h3>
<p style="text-align: left;">L&#8217;enfant doit être élevé dans le sentiment que ses meilleures qualités devront être mises au service de ses frères.</p>
<p></p>

<p>Déclaration de Genève 26 Septembre 1924 (texte intégral) Préambule Par la présente Déclaration des droits de l&#8217;enfant, dite déclaration de Genève, les hommes et les femmes de toutes les nations reconnaissent que l&#8217;humanité doit donner à l&#8217;enfant ce qu&#8217;elle a de meilleur, affirmant leurs devoirs, en dehors de toute considération de race, de nationalité, de [&hellip;]</p>

<!-- This site is optimized with the Yoast SEO plugin v26.5 - https://yoast.com/wordpress/plugins/seo/ -->
<title>Déclaration de Genève du 26 Septembre 1924 - Humanium</title>
<meta name="robots" content="index, follow, max-snippet:-1, max-image-preview:large, max-video-preview:-1" />
<link rel="canonical" href="https://www.humanium.org/es/declaration-de-geneve-du-26-septembre-1924/" />
<meta property="og:locale" content="es_ES" />
<meta property="og:type" content="article" />
<meta property="og:title" content="Déclaration de Genève du 26 Septembre 1924 - Humanium" />
<meta property="og:description" content="Déclaration de Genève 26 Septembre 1924 (texte intégral) Préambule Par la présente Déclaration des droits de l&#8217;enfant, dite déclaration de Genève, les hommes et les femmes de toutes les nations reconnaissent que l&#8217;humanité doit donner à l&#8217;enfant ce qu&#8217;elle a de meilleur, affirmant leurs devoirs, en dehors de toute considération de race, de nationalité, de [&hellip;]" />
<meta property="og:url" content="https://www.humanium.org/es/declaration-de-geneve-du-26-septembre-1924/" />
<meta property="og:site_name" content="Humanium" />
<meta property="article:modified_time" content="2017-06-14T09:16:30+00:00" />
<meta property="og:image" content="https://www.humanium.org/fr/wp-content/uploads/logo-odt.gif" />
<meta name="twitter:card" content="summary_large_image" />
<meta name="twitter:label1" content="Tiempo de lectura" />
	<meta name="twitter:data1" content="1 minuto" />
<script type="application/ld+json" class="yoast-schema-graph">{"@context":"https://schema.org","@graph":[{"@type":"WebPage","@id":"https://www.humanium.org/es/declaration-de-geneve-du-26-septembre-1924/","url":"https://www.humanium.org/es/declaration-de-geneve-du-26-septembre-1924/","name":"Déclaration de Genève du 26 Septembre 1924 - Humanium","isPartOf":{"@id":"https://www.humanium.org/es/#website"},"primaryImageOfPage":{"@id":"https://www.humanium.org/es/declaration-de-geneve-du-26-septembre-1924/#primaryimage"},"image":{"@id":"https://www.humanium.org/es/declaration-de-geneve-du-26-septembre-1924/#primaryimage"},"thumbnailUrl":"https://www.humanium.org/fr/wp-content/uploads/logo-odt.gif","datePublished":"2013-10-03T09:44:00+00:00","dateModified":"2017-06-14T09:16:30+00:00","breadcrumb":{"@id":"https://www.humanium.org/es/declaration-de-geneve-du-26-septembre-1924/#breadcrumb"},"inLanguage":"es","potentialAction":[{"@type":"ReadAction","target":["https://www.humanium.org/es/declaration-de-geneve-du-26-septembre-1924/"]}]},{"@type":"ImageObject","inLanguage":"es","@id":"https://www.humanium.org/es/declaration-de-geneve-du-26-septembre-1924/#primaryimage","url":"https://www.humanium.org/fr/wp-content/uploads/logo-odt.gif","contentUrl":"https://www.humanium.org/fr/wp-content/uploads/logo-odt.gif"},{"@type":"BreadcrumbList","@id":"https://www.humanium.org/es/declaration-de-geneve-du-26-septembre-1924/#breadcrumb","itemListElement":[{"@type":"ListItem","position":1,"name":"Home","item":"https://www.humanium.org/es/"},{"@type":"ListItem","position":2,"name":"Déclaration de Genève du 26 Septembre 1924"}]},{"@type":"WebSite","@id":"https://www.humanium.org/es/#website","url":"https://www.humanium.org/es/","name":"Humanium","description":"¡Los niños primero!","potentialAction":[{"@type":"SearchAction","target":{"@type":"EntryPoint","urlTemplate":"https://www.humanium.org/es/?s={search_term_string}"},"query-input":{"@type":"PropertyValueSpecification","valueRequired":true,"valueName":"search_term_string"}}],"inLanguage":"es"}]}</script>
<!-- / Yoast SEO plugin. -->

Déclaration de Genève du 26 Septembre 1924 - Humanium

Déclaration de Genève 26 Septembre 1924 (texte intégral) Préambule Par la présente Déclaration des droits de l&#8217;enfant, dite déclaration de Genève, les hommes et les femmes de toutes les nations reconnaissent que l&#8217;humanité doit donner à l&#8217;enfant ce qu&#8217;elle a de meilleur, affirmant leurs devoirs, en dehors de toute considération de race, de nationalité, de [&hellip;]

¡Los niños primero!
