{"version":"1.0","provider_name":"Humanium","provider_url":"https:\/\/www.humanium.org\/fr","author_name":"Julian Sharp","author_url":"https:\/\/www.humanium.org\/fr\/author\/auteur_juliansharp\/","title":"La traite des enfants dans l\u2019Union Europ\u00e9ene - Humanium","type":"rich","width":600,"height":338,"html":"<blockquote class=\"wp-embedded-content\" data-secret=\"QmFwd23g7S\"><a href=\"https:\/\/www.humanium.org\/fr\/la-traite-des-enfants-dans-lunion-europeene\/\">La traite des enfants dans l\u2019Union Europ\u00e9ene<\/a><\/blockquote><iframe sandbox=\"allow-scripts\" security=\"restricted\" src=\"https:\/\/www.humanium.org\/fr\/la-traite-des-enfants-dans-lunion-europeene\/embed\/#?secret=QmFwd23g7S\" width=\"600\" height=\"338\" title=\"\u00ab\u00a0La traite des enfants dans l\u2019Union Europ\u00e9ene\u00a0\u00bb &#8212; Humanium\" data-secret=\"QmFwd23g7S\" frameborder=\"0\" marginwidth=\"0\" marginheight=\"0\" scrolling=\"no\" class=\"wp-embedded-content\"><\/iframe><script type=\"text\/javascript\">\n\/* <![CDATA[ *\/\n\/*! This file is auto-generated *\/\n!function(d,l){\"use strict\";l.querySelector&&d.addEventListener&&\"undefined\"!=typeof URL&&(d.wp=d.wp||{},d.wp.receiveEmbedMessage||(d.wp.receiveEmbedMessage=function(e){var t=e.data;if((t||t.secret||t.message||t.value)&&!\/[^a-zA-Z0-9]\/.test(t.secret)){for(var s,r,n,a=l.querySelectorAll('iframe[data-secret=\"'+t.secret+'\"]'),o=l.querySelectorAll('blockquote[data-secret=\"'+t.secret+'\"]'),c=new RegExp(\"^https?:$\",\"i\"),i=0;i<o.length;i++)o[i].style.display=\"none\";for(i=0;i<a.length;i++)s=a[i],e.source===s.contentWindow&&(s.removeAttribute(\"style\"),\"height\"===t.message?(1e3<(r=parseInt(t.value,10))?r=1e3:~~r<200&&(r=200),s.height=r):\"link\"===t.message&&(r=new URL(s.getAttribute(\"src\")),n=new URL(t.value),c.test(n.protocol))&&n.host===r.host&&l.activeElement===s&&(d.top.location.href=t.value))}},d.addEventListener(\"message\",d.wp.receiveEmbedMessage,!1),l.addEventListener(\"DOMContentLoaded\",function(){for(var e,t,s=l.querySelectorAll(\"iframe.wp-embedded-content\"),r=0;r<s.length;r++)(t=(e=s[r]).getAttribute(\"data-secret\"))||(t=Math.random().toString(36).substring(2,12),e.src+=\"#?secret=\"+t,e.setAttribute(\"data-secret\",t)),e.contentWindow.postMessage({message:\"ready\",secret:t},\"*\")},!1)))}(window,document);\n\/\/# sourceURL=https:\/\/www.humanium.org\/fr\/wp-includes\/js\/wp-embed.min.js\n\/* ]]> *\/\n<\/script>\n","thumbnail_url":"https:\/\/www.humanium.org\/fr\/wp-content\/uploads\/2020\/01\/shutterstock_648575884-scaled.jpg","thumbnail_width":2560,"thumbnail_height":1707,"description":"M\u00eame si l\u2019Union Europ\u00e9enne appara\u00eet comme un phare dans le respect des droits des enfants et de leur protection dans le monde, cette r\u00e9putation est gravement assombrie avec par le ph\u00e9nom\u00e8ne de la traite des enfants."}

La traite des enfants dans l’Union Européene - Humanium

<blockquote class="wp-embedded-content" data-secret="QmFwd23g7S"><a href="https://www.humanium.org/fr/la-traite-des-enfants-dans-lunion-europeene/">La traite des enfants dans l’Union Européene</a></blockquote><iframe sandbox="allow-scripts" security="restricted" src="https://www.humanium.org/fr/la-traite-des-enfants-dans-lunion-europeene/embed/#?secret=QmFwd23g7S" width="600" height="338" title="« La traite des enfants dans l’Union Européene » &#8212; Humanium" data-secret="QmFwd23g7S" frameborder="0" marginwidth="0" marginheight="0" scrolling="no" class="wp-embedded-content"></iframe><script type="text/javascript">
/* <![CDATA[ */
/*! This file is auto-generated */
!function(d,l){"use strict";l.querySelector&&d.addEventListener&&"undefined"!=typeof URL&&(d.wp=d.wp||{},d.wp.receiveEmbedMessage||(d.wp.receiveEmbedMessage=function(e){var t=e.data;if((t||t.secret||t.message||t.value)&&!/[^a-zA-Z0-9]/.test(t.secret)){for(var s,r,n,a=l.querySelectorAll('iframe[data-secret="'+t.secret+'"]'),o=l.querySelectorAll('blockquote[data-secret="'+t.secret+'"]'),c=new RegExp("^https?:$","i"),i=0;i<o.length;i++)o[i].style.display="none";for(i=0;i<a.length;i++)s=a[i],e.source===s.contentWindow&&(s.removeAttribute("style"),"height"===t.message?(1e3<(r=parseInt(t.value,10))?r=1e3:~~r<200&&(r=200),s.height=r):"link"===t.message&&(r=new URL(s.getAttribute("src")),n=new URL(t.value),c.test(n.protocol))&&n.host===r.host&&l.activeElement===s&&(d.top.location.href=t.value))}},d.addEventListener("message",d.wp.receiveEmbedMessage,!1),l.addEventListener("DOMContentLoaded",function(){for(var e,t,s=l.querySelectorAll("iframe.wp-embedded-content"),r=0;r<s.length;r++)(t=(e=s[r]).getAttribute("data-secret"))||(t=Math.random().toString(36).substring(2,12),e.src+="#?secret="+t,e.setAttribute("data-secret",t)),e.contentWindow.postMessage({message:"ready",secret:t},"*")},!1)))}(window,document);
//# sourceURL=https://www.humanium.org/fr/wp-includes/js/wp-embed.min.js
/* ]]> */
</script>

Même si l’Union Européenne apparaît comme un phare dans le respect des droits des enfants et de leur protection dans le monde, cette réputation est gravement assombrie avec par le phénomène de la traite des enfants.
